q(w) = -7*w**3 - 4*w**2 + 10*w - 1. Let r(k) = k**3 + k**2 - k. Let m(t) = z*q(t) - 6*r(t). Give m(3).
-2
Let j = -5 + 5. Let c(d) = j*d**2 - 10 + d**2 - 3*d**2 + d**2 - d. Calculate c(0).
-10
Let u(q) = 14*q - 1. Let m = 12 - 11. Give u(m).
13
Suppose 4*d + 3*s = 15, 0 = d + 3*s - 0 + 3. Let u(o) = -o + 7 - 3 - d - 1. Determine u(-5).
2
Let u(k) = -5*k**3 + 8*k**2 + 3*k - 3. Let r(w) = -11*w**3 + 17*w**2 + 6*w - 5. Let p(o) = 4*r(o) - 9*u(o). Determine p(5).
17
Let j(n) be the first derivative of n**3 - 6. Calculate j(-1).
3
Let j(m) = m**3 - 2*m**2 - 4*m - 1. Let u be j(3). Let x(b) = -b**3 - 3*b**2 + 5*b - 1. Determine x(u).
-5
Let k = 37 + -36. Let r(t) = -6*t**3 + 2*t**2 - 2*t + 1. Give r(k).
-5
Suppose -24 = 2*h - 6*h. Let k(g) = g**3 - 7*g**2 + 4*g + 4. Calculate k(h).
-8
Suppose -125 = -14*d + 9*d. Let n = d + -21. Let o(q) = q**2 - 4*q - 5. What is o(n)?
-5
Let a(g) = g - 5. Suppose 4*d + 48 = 3*r, 2*d - 3*d = 3. Let u = -8 + r. Calculate a(u).
-1
Let y(x) = 10 - x**2 - 48*x - 5 + 102*x - 52*x. What is y(6)?
-19
Let n(r) be the third derivative of -r**4/12 + 11*r**3/6 + 4*r**2. Let o be n(5). Let u(i) = -5*i**2 + i. Calculate u(o).
-4
Suppose 3*i = i. Let u = 3 - i. Let t(p) = -4*p + 0*p**2 + 3 - 3*p - 4*p**2 + p**u. Give t(5).
-7
Let u = 63 - 59. Let a(c) = 1 + 0*c + c - 5*c. Let q(x) = 7*x - 2. Let g(o) = 10*a(o) + 6*q(o). What is g(u)?
6
Let b(d) be the third derivative of -d**6/120 - d**5/60 + d**3/6 - 6*d**2. What is b(1)?
-1
Let g(f) = 2*f**3 + 3*f**3 + 2*f**3 - 8*f**3 + f. Let i(a) = -7*a**3 - 7*a**2 - a - 5. Let s(l) = 6*g(l) - i(l). Determine s(-6).
-1
Let i(b) = -2*b**3 + b**2. Let x(o) = -3*o - 10. Let v be x(-4). Calculate i(v).
-12
Suppose 6 = 2*y - 0. Suppose -l + y - 4 = 0. Let c(b) = 4*b**3 + b**2 + b. What is c(l)?
-4
Let b(g) = -g**2 + g - 1. Let p(f) = -5*f**2 - 2*f - 4. Let r(l) = 6*b(l) - p(l). Determine r(8).
-2
Suppose 2*g - 11 = -y, -5 = -3*g - 2*g + 2*y. Let c(w) = w**3 - 3*w**2 - 3. Give c(g).
-3
Let q(n) be the second derivative of -n**3/6 - 2*n**2 + n - 1. Determine q(4).
-8
Let a(r) = -3*r**2 - r. Let y be a(-1). Let s(d) = -d + 2. Let u(i) = -1. Let n(x) = -2*s(x) - 3*u(x). What is n(y)?
-5
Suppose k + 2 = -1. Let o(m) = m**2 + m - 2. Let z be o(k). Let l(v) = 14*v - 23. Let c(x) = -5*x + 8. Let a(j) = 8*c(j) + 3*l(j). What is a(z)?
3
Suppose -12*d = -7*d + 5. Let w(r) = -r**2 + r - r - r - r**3. Determine w(d).
1
Let y = 5 + -8. Suppose -2*f = 6, 4*i = 4*f - 16 + 48. Let j(q) = 3*q + 2 - 2*q + i - 5. Calculate j(y).
-1
Let r(a) be the second derivative of a**4/12 + a**3/2 + a**2 + 5*a. Suppose z + 1 = -2. Let c be (2 + 1)*4/z. Give r(c).
6
Let s(j) be the third derivative of j**4/12 + j**3/2 - 6*j**2. What is s(-4)?
-5
Suppose 4*s - 2 = 2. Let q be (2/2 + -1)*s. Let g(j) be the first derivative of j**3/3 + 6*j - 2. Calculate g(q).
6
Suppose o - 3*h + 11 = 0, 6*h - 2*h = 16. Let g be ((-2)/(-1))/(-2) - -3. Let k(l) = -2*l**2 - 2 - l + g*l + 1. What is k(o)?
-2
Let k be 1*10*2/(-4). Let p = k - -14. Let v(f) = -f - f**3 + 5*f - 7*f**2 - p*f + 1. Calculate v(-6).
-5
Let g(m) be the first derivative of -m**2/2 + 15*m - 37. Calculate g(10).
5
Let c(q) = -3*q**3 - 20*q**2 - q + 8. Let l(h) = -2*h**3 - 13*h**2 - h + 5. Let u(n) = -5*c(n) + 8*l(n). What is u(-3)?
0
Let n(s) = -2*s**2 - 2*s - 1. Let l be -1 - 5/(10/(-8)). Suppose 5*p - 14 = -4*h - l, 4*h + 1 = -p. Calculate n(h).
-1
Let m = -10 + 14. Let d(q) = q**3 - 4*q**2 - q. Give d(m).
-4
Let w(q) = -3*q**2 + 6*q + 5. Let d(h) = h**2 - 3*h - 3. Let i(b) = 9*d(b) + 4*w(b). Let r(g) = -4*g**2 - 3*g - 7. Let z(c) = 5*i(c) - 4*r(c). Calculate z(5).
3
Let l = 131 + -131. Let r(q) = -q**3 - q + 9. Give r(l).
9
Let m(c) be the first derivative of c**2/2 - c - 1. Let w(n) be the second derivative of n**4/12 - 2*n**2 - 2*n. Let v be w(-3). What is m(v)?
4
Let h = 0 + 4. Let q(i) = -i**2 + 5*i + 1. Calculate q(h).
5
Let n(l) be the second derivative of -2*l**3/3 + l**2/2 + 2*l. Let p(h) = -h - 11. Let y be p(-5). Let a be (-4)/y + 1/3. Give n(a).
-3
Let x(q) = 13*q**2 + 18*q + 5 + 6*q + 4*q. Let o(y) = -3*y**2 - 7*y - 1. Suppose 3*p + 36 = -p. Let v(u) = p*o(u) - 2*x(u). What is v(-5)?
-11
Let c(v) = 3*v**2 - 2*v. Let w be c(-1). Let m(f) = 3*f - 2. Give m(w).
13
Let f = -17 - -17. Suppose 6*x - 2*x = f. Let r(t) = t**3 - t + 7. Determine r(x).
7
Let d(g) = -34 - 2*g + 34. Suppose -16 = 4*l, -3*q - 3*l + 0*l = -24. Suppose 4*p = 3*c - 22, 4*c + q = -p - 4*p. Give d(c).
-4
Suppose -6*n = -7*n - 4. Let f(r) be the second derivative of -r**4/6 - 2*r**3/3 + r**2/2 - r. Calculate f(n).
-15
Let r(v) = 9*v + 8*v - 15*v - 4 + 5*v**2 + v**3. Let h be 0 + 6/(-2) + -1. Calculate r(h).
4
Let n(t) = -t + 3. Let p be (0 + 0)/(-6 - -8). Calculate n(p).
3
Let d(v) = 3*v**2 + 2*v - 1. Suppose -4*q + 54 = 50. Give d(q).
4
Let g be ((-3)/3)/((-2)/4). Let s(h) = -h**3 - 3*h**2 + 6 - h**2 + 6*h - h**g. What is s(-6)?
6
Suppose -2*m + 6*m + 32 = 0. Let u(l) = l + 11. Let k be u(m). Let o(a) = a**2 - 4*a + 3. What is o(k)?
0
Let k(r) = -6*r + 3. Let a(l) = 5*l - 3. Let v(o) = 5*a(o) + 4*k(o). Give v(5).
2
Suppose 2*r + 4 = h, 0*h + 2*h - r + 1 = 0. Let u(v) = -v**3 + v**2 + v + 1. Give u(h).
11
Let z be (-2)/(1/(-2)*1). Suppose 0 = p + z + 2. Let h(a) = a**2 + 7*a + 6. What is h(p)?
0
Let y(n) = -n**3 + 9*n**2 + 7*n**2 + 2 - 17*n**2. Let j(i) = -i + 6. Let u be j(6). Determine y(u).
2
Let q(v) = -21*v - 63. Let r(n) = 3*n + 9. Suppose 0 = 3*f - 19 + 100. Let i(u) = f*r(u) - 4*q(u). Determine i(-6).
-9
Let w(x) = -8. Let j(y) = y + 9. Let o(s) = -3*j(s) - 4*w(s). Determine o(4).
-7
Suppose -6*w + 4*w = -w. Let d(m) = -m + 3. Determine d(w).
3
Let b(c) = c - 7. Let j be b(9). Let l(t) = j + 2 + 1 + 2*t. Suppose -q - 4 = h, -h = q + 4*h. Determine l(q).
-5
Suppose -3 = 4*i + 9. Let c be i/(3 - (-20)/(-8)). Let o(f) = -f + 1. Calculate o(c).
7
Suppose -y - 3*y = 8. Let z(v) be the first derivative of -2*v**3/3 - 63. Determine z(y).
-8
Let n be 40/24*3*3/3. Let z(k) = 4*k - 1. What is z(n)?
19
Let x(a) = -8 - 9 + a + 18 + 4*a. Determine x(-1).
-4
Let z be (-14)/(-6) + 2/(-6). Let a be -2*(2 + -5 + z). Let j(p) = p**3 - 7*p**2 + 7*p - 2. Let h(l) = -l**2 + l. Let s(q) = -5*h(q) + j(q). Give s(a).
2
Suppose -25 + 7 = 3*l. Let a(d) = 3*d**3 - 9 - 6*d - 5*d**3 - 7*d**2 + d**3. Calculate a(l).
-9
Let b(a) = a**2 + 15*a + 14. Let x(r) = r. Let i(f) = -b(f) - x(f). Let j be i(-15). Let u(g) = 8*g**3 - g**2 + g - 1. Determine u(j).
7
Let x(w) = w**3 + 283 + 4*w**2 + 0*w**2 - 5*w - 289 + 0*w**3. Calculate x(-5).
-6
Let z(o) = -o**3 - 5*o**2 + o. Let j = 6 + -11. Calculate z(j).
-5
Let o(u) be the first derivative of -5*u**2 - u - 7. Suppose 7*y = 2*y + 5. Give o(y).
-11
Let k(b) = -b + 6. Suppose -3*d = -5*f + 3*f + 1, -5*f + 9 = -d. Let i be f/(-5) + (-2)/(-5). What is k(i)?
6
Let r(z) be the first derivative of 1 + 1/3*z**3 - z**2 - z. Let g(q) be the first derivative of r(q). Determine g(2).
2
Let b(v) be the second derivative of -v**3/6 + v**2 - 6*v. What is b(8)?
-6
Let o(j) be the third derivative of 2*j**2 - 1/20*j**6 + 0 - 1/6*j**3 + 1/60*j**5 + 0*j**4 + 0*j. Give o(-1).
6
Let k(l) = 4*l - 13. Let v(q) = -3*q + 12. Let z(a) = 5*k(a) + 6*v(a). What is z(-6)?
-5
Let r(u) = -u**2 + 7*u - 10. Let s be 1/2*(-28)/6*-3. Calculate r(s).
-10
Let i(k) = -3*k**2 + 2*k + 1. Let n be (-27)/(-6)*2/(-1). Let y(t) = -13*t**2 + 7*t + 3. Let x(z) = n*i(z) + 2*y(z). Determine x(4).
-3
Let k = -1 + 2. Let m(g) = 1 + 12*g - k. Suppose -3*h = 5*h - 8. What is m(h)?
12
Let u(r) = -27*r + 13*r + 13*r. Let b(f) = -f - 7. Let l be b(-5). What is u(l)?
2
Let p(s) = 2*s - 7. Let d be p(8). Let f(r) = 17*r - 5. Let a(g) = g + 3*g + 0*g - 1. Let i(u) = d*a(u) - 2*f(u). Give i(2).
5
Suppose 0 = -k + 3*f + 1, -3*k + 3*f + 5 = -4*k. Let q(g) = -g**2 + 2. Give q(k).
-2
Let u = -6 + 6. Let z(a) = 1 + 2*a**2 + 4*a**3 + 0*a**3 + 2*a + u*a**2. Suppose -3*t - l = -0 - 1, -5*t = -l + 9. Calculate z(t).
-3
Let s(m) be the third derivative of m**6/720 + m**5/40 + m**4/12 - 2*m**2. Let u(t) be the second derivative of s(t). Calculate u(-3).
0
Let z(f) = f**2 + 2*f + 1. Let n be 1 - 3 - (1 - 1). Give z(n).
1
Suppose 30 = 4*o - 18. Let z(t) = t**2 - 13*t + 12. Calculate z(o).
0
Let y(n) = n**3 - 5*n**2 + 4*n + 3. Let j = 13 - 9. Suppos